 x**3 - 4*x**2 - 16*x + 3. Calculate l(6).
-21
Let m(o) = 42*o**2 + 19*o + 1. Determine m(-1).
24
Let v(w) = w**3 - 6*w**2 + 2*w + 5. Determine v(6).
17
Let u(h) = -h**2 - 3*h + 8. Calculate u(-4).
4
Let z(w) = 166*w - 497. What is z(3)?
1
Let z(c) = -c**3 - 10*c**2 + 9*c - 19. Determine z(-11).
3
Let r(a) = 19*a - 3. Give r(-1).
-22
Let o(y) = 33*y + 227. Calculate o(-6).
29
Let k(b) = -b**2 + 10*b - 36. Give k(8).
-20
Let d(t) = 25*t + 240. Calculate d(-10).
-10
Let b(v) = v**3 + v**2 - 1. Calculate b(2).
11
Let x(o) = -5*o. Calculate x(-3).
15
Let k(v) = v**3 - 11*v**2 - 3*v + 2. What is k(11)?
-31
Let f(p) = -p**3 + 7*p**2 - p - 1. Give f(6).
29
Let z(p) = -p - 6. Give z(-4).
-2
Let w(u) = 5*u**2 - 3*u - 2. What is w(-1)?
6
Let m(t) = -t**2 - 7*t + 3. What is m(-9)?
-15
Let q(v) = v**3 + 2*v - 15. Determine q(0).
-15
Let t(k) = -k + 20. Calculate t(12).
8
Let k(u) = u**3 - 15*u**2 + 55*u - 45. Determine k(10).
5
Let i(s) = -s**2 + 11*s - 38. Determine i(7).
-10
Let p(b) = 7*b**2 - 4*b + 4. Determine p(1).
7
Let t(f) = -f**3 - 10*f**2 - 11*f + 4. Give t(-8).
-36
Let m(k) = 2*k**2 - 2*k - 1. Calculate m(-1).
3
Let q(v) = v**3 - 14*v**2 + 2*v - 20. What is q(14)?
8
Let n(c) = -72*c - 8. Give n(-1).
64
Let a(o) = -o**2 - 17*o + 20. Calculate a(-18).
2
Let t(l) = l**2 + 46*l + 93. What is t(-45)?
48
Let t(a) = a**3 + 11*a**2 - 2. Give t(-11).
-2
Let k(n) = 2*n + 8. Calculate k(-8).
-8
Let k(f) = -5*f + 6. Give k(3).
-9
Let q(f) = 71*f - 79. Determine q(1).
-8
Let r(v) = -v**3 - 3*v**2 + 11*v + 5. What is r(-6)?
47
Let s(f) = 7*f**2 + f + 1. What is s(-2)?
27
Let z(o) = 2*o**2 - 6*o. Determine z(5).
20
Let k(l) = -l**3 + l**2 - 2*l - 1. Calculate k(2).
-9
Let z(p) = -p**2 - 13*p - 16. What is z(-11)?
6
Let n(j) = j**3 - 12*j**2 - 11*j - 22. Give n(13).
4
Let f(z) = z - 4. Give f(3).
-1
Let n(l) = -l - 11. Give n(-14).
3
Let h(p) = 2*p - 11. What is h(6)?
1
Let h(p) = -p**2 - 12*p. What is h(-12)?
0
Let l(j) = j**2 + 25*j - 27. Calculate l(-26).
-1
Let g(r) = -r**2 + 66. What is g(0)?
66
Let r(v) = -v**3 + 4*v**2 + 6*v - 9. Give r(5).
-4
Let c(p) = -p**3 - 12*p**2 - 12*p - 6. Determine c(-11).
5
Let a(w) = w**3 + 23*w**2 + 21*w. Give a(-22).
22
Let q(f) = f**3 - 4*f**2 + 3*f + 3. Give q(3).
3
Let l(s) = -2*s**2 + 20*s + 12. Give l(10).
12
Let c(a) = -a**2 + 5*a + 1. Calculate c(4).
5
Let x(a) = 2*a**2 - 1. Give x(1).
1
Let s(d) = -30*d - 2. What is s(-2)?
58
Let p(f) = 19*f**2 - 55*f - 1. Determine p(3).
5
Let a(s) = -s**2 - 14*s - 3. Determine a(-6).
45
Let t(b) = 4*b**2 - 20*b - 2. What is t(6)?
22
Let q(y) = -24*y - 99. Calculate q(-4).
-3
Let j(b) = b**3 + 50*b**2 + 47*b - 115. Calculate j(-49).
-17
Let p(i) = i**3 + i**2 - 2*i - 1. What is p(-3)?
-13
Let s(i) = i**3 - 8*i**2 - 4*i + 8. Give s(8).
-24
Let k(v) = 2*v**2 - 52*v + 268. Determine k(19).
2
Let j(h) = h**3 - 7*h**2 + 12*h - 6. Calculate j(4).
-6
Let z(w) = -w**2 + 7*w + 6. Give z(10).
-24
Let p(o) = o**3 - 20*o + 23. Determine p(4).
7
Let j(k) = -4*k - 1. Calculate j(2).
-9
Let m(s) = s**2 - 10*s - 2. What is m(10)?
-2
Let w(z) = z**2 + 6*z - 28. Calculate w(4).
12
Let f(j) = j**2 + 5*j - 5. Calculate f(-9).
31
Let p(j) = 7*j - 9. Calculate p(4).
19
Let x(w) = -w**3 + 6*w**2 + w + 3. Determine x(7).
-39
Let f(g) = -g**3 - 3*g**2 + 5*g + 4. Determine f(-4).
0
Let u(s) = -6*s**3 + s**2 - s - 1. What is u(1)?
-7
Let g(z) = 5*z - 12. Give g(4).
8
Let a(x) = 18*x - 1. What is a(2)?
35
Let y(a) = a**2 + 16*a + 17. Give y(-15).
2
Let v(x) = 10*x**2 - 4*x + 2. What is v(2)?
34
Let d(o) = 9*o + 33. Calculate d(-3).
6
Let z(q) = -10*q - 161. Give z(-18).
19
Let n(h) = h**2 - 7*h + 13. Calculate n(5).
3
Let k(p) = -p + 21. Determine k(43).
-22
Let k(m) = -112*m - 338. Calculate k(-3).
-2
Let f(n) = -2*n**2 - 7*n - 7. What is f(-3)?
-4
Let g(t) = 2*t - 30. Give g(9).
-12
Let h(o) = -11*o - 58. Give h(5).
-113
Let r(q) = -3*q**2 - 12*q + 6. Give r(-4).
6
Let a(t) = 13*t - 18. What is a(5)?
47
Let l(r) = 17*r - 127. Determine l(7).
-8
Let a(r) = 36*r. Determine a(-1).
-36
Let d(f) = -f + 11. Determine d(8).
3
Let d(n) = -n**3 - 13*n**2 - 10. Give d(-13).
-10
Let k(n) = 2*n**2 + 12*n + 1. What is k(-5)?
-9
Let s(f) = f**3 + 2*f**2 - 2*f - 5. What is s(-2)?
-1
Let m(y) = -2*y**2 - 9*y - 17. Calculate m(-8).
-73
Let b(x) = x**2 - 15*x + 28. Calculate b(13).
2
Let z(d) = -52*d + 52. Determine z(1).
0
Let w(v) = -3*v**3 - v**2 + 19*v - 17. Give w(1).
-2
Let p(l) = -83*l - 909. Calculate p(-11).
4
Let d(m) = -2*m**2 + 2*m + 1. Calculate d(2).
-3
Let k(s) = s - 5. Determine k(18).
13
Let g(n) = -2*n - 11. Give g(-9).
7
Let z(i) = i**2 - 9*i + 5. Determine z(5).
-15
Let d(k) = -45*k + 4. Determine d(1).
-41
Let f(c) = c**2 - c - 22. Give f(6).
8
Let w(c) = c**3 - c**2 - 2*c + 8. Calculate w(2).
8
Let b(u) = 3*u - 42. What is b(15)?
3
Let f(k) = k**2 + 50*k - 465. Calculate f(8).
-1
Let p(t) = t**3 + 7*t**2 + 4*t - 8. What is p(-6)?
4
Let f(g) = g**2 - 24*g - 30. Determine f(25).
-5
Let r(a) = -30*a + 9. Calculate r(1).
-21
Let d(k) = -2*k**2 - 51*k + 21. Give d(-26).
-5
Let c(g) = g. What is c(0)?
0
Let i(b) = -b**2 + 21*b - 14. Give i(20).
6
Let r(x) = -x**3 - 13*x**2 - x - 1. What is r(-13)?
12
Let a(p) = p**3 + 4*p**2 - 2*p + 4. Calculate a(-4).
12
Let d(h) = 2*h - 10. What is d(5)?
0
Let l(m) = -60*m + 1018. Calculate l(17).
-2
Let r(q) = q**3 - 4*q**2 - 3*q - 3. What is r(-3)?
-57
Let j(m) = -m**3 - 7*m**2 - 5*m + 6. Calculate j(-6).
0
Let z(l) = 21*l + 13. Give z(-2).
-29
Let n(o) = -o - 3. What is n(3)?
-6
Let l(k) = -k**3 - 40*k**2 + 44*k + 135. Calculate l(-41).
12
Let j(b) = -b**3 + 18*b**2 - 6. Calculate j(18).
-6
Let b(w) = -w**3 - 38*w**2 + 5*w + 170. What is b(-38)?
-20
Let v(r) = 38*r - 12. What is v(-1)?
-50
Let y(n) = 4*n**3 + n**2 + n - 2. What is y(-2)?
-32
Let g(b) = b**3 - 13*b**2 + 20*b + 11. Give g(11).
-11
Let r(g) = -g - 2. Determine r(-26).
24
Let z(f) = -2*f**3 + 9*f**2 - 3*f - 7. What is z(4)?
-3
Let z(k) = -28*k + 2. Determine z(2).
-54
Let y(d) = -d - 2. Give y(5).
-7
Let o(p) = -13*p**3 - p + 1. Determine o(1).
-13
Let f(y) = -6*y + 5. What is f(6)?
-31
Let d(r) = -r**3 + 15*r**2 - r - 7. Determine d(15).
-22
Let r(p) = 2*p + 9. Calculate r(2).
13
Let f(b) = b**2 + 117*b - 234. Determine f(2).
4
Let i(d) = d**3 - 19*d**2 - 19*d - 32. Give i(20).
-12
Let z(p) = -2*p**3 - 83*p**2 - 42*p - 42. What is z(-41)?
-1
Let g(i) = i + 8. Determine g(3).
11
Let a(y) = -y**2 - 5*y - 4. Give a(-3).
2
Let f(t) = 2*t**3 + 6*t**2 + 3*t. What is f(-4)?
-44
Let p(b) = b**3 - 41*b**2 + 80*b - 70. What is p(39)?
8
Let l(y) = y**2 - 8*y - 27. Calculate l(10).
-7
Let o(r) = 2*r - 3. What is o(-7)?
-17
Let d(t) = 16*t - 36. Calculate d(0).
-36
Let b(c) = -c**3 + 7*c**2 - 2*c - 26. Calculate b(4).
14
Let l(q) = q**2 - 15*q - 193. Calculate l(-9).
23
Let k(f) = 10*f + 98. Determine k(-6).
38
Let g(b) = 3*b**2 + 94*b - 76. Determine g(-32).
-12
Let y(a) = -a**2 + 4*a. Calculate y(3).
3
Let v(c) = -c**3 + 4*c**2 - 8. What is v(3)?
1
Let m(x) = -3*x - 1. Determine m(-2).
5
Let v(n) = n**2 - 18*n - 10. Calculate v(20).
30
Let b(q) = -11*q - 163. Determine b(-15).
2
Let q(d) = d**2 - 2*d + 4. Calculate q(6).
28
Let g(k) = k**3 - 6*k**2 - 13*k + 17. Determine g(8).
41
Let r(t) = 13*t - 215. Give r(17).
6
Let i(z) = -z**2 + 9*z + 2. Calculate i(10).
-8
Let m(k) = k + 38. What is m(0)?
38
Let o(s) = -4*s + 113. Calculate o(33).
-19
Let m(h) = 37*h**3 + h**2. Calculate m(-1).
-36
Let c(n) = -5*n - 19. Determine c(-5).
6
Let f(v) = -16*v - 17. Calculate f(4).
-81
Let j(g) = -g**3 - 6*g**2 + 18*g + 28. Calculate j(-7).
-49
Let g(r) = 5*r + 32. Give g(-5).
7
Let x(f) = f - 17. Determine x(-14).
-31
Let g(q) = -q**3 - 34. Determine g(0).
-34
Let x(j) = -j - 10. Calculate x(-7).
-3
Let f(y) = y**2 + 121*y + 1103. Determine f(-10).
-7
Let v(k) = -k**2 - 6*k - 6. Calculate v(-6).
-6
Let u(z) = -z**3 - 16*z**2 + 17*z - 40. Calculate u(-17).
-40
Let m(g) = -5*g**2 - 4*g + 32. Give m(-6).
-124
Let s(i) = -4*i**3 + 2*i + 1. What is s(2)?
-27
Let g(d) = -d**3 + 7*d**2 - 12*d - 7. Determine g(4).
-7
Let t(f) = -5*f**2 + 5*f - 1. What is t(-4)?
-101
Let f(s) = -8*s + 83. Give f(11).
-5
Let n(r) = r**3 - 17*r**2 - 35*r - 51. Calculate n(19).
6
Let w(l) = 20*l**3 + 2*l**2 + 5*l + 5. Give w(-1).
-18
Let d(c) = -c**3 + 